be (1 + -2)/(4/8148*-3). Let o = 710 - v. Calculate the remainder when 106 is divided by o.
13
Let i(q) = q**2 + 26*q + 113. Let r be i(-21). Suppose -73 = -3*b + y, 4*y - 28 = -b + r*y. What is the remainder when 4/(-6)*201/(-2) is divided by b?
19
Let t = 109 - 77. Suppose 7*y + t = 4. What is the remainder when 67 is divided by (-1)/y - 110/(-8)?
11
Suppose 7*z - 5*z = 520. Let m = z + -192. Calculate the remainder when m is divided by 7.
5
Suppose -5*y + a - 161 = 0, -39 = 3*y + 4*a + 53. Let x = 41 + 19. Let l = y + x. Calculate the remainder when l is divided by 6.
4
What is the remainder when 103 is divided by (-42)/(-4)*(-18)/(21/(-8)*2)?
31
Let i = -16114 + 17133. Calculate the remainder when i is divided by 345.
329
Suppose -450*j + 477*j = 1053. What is the remainder when 42390 is divided by j?
36
Let f = 1221 + -1192. Calculate the remainder when 521 is divided by f.
28
Suppose -419 = 7*w - 1434. Suppose 17*r = -12*r + w. Calculate the remainder when 19 is divided by r.
4
Suppose 37*m + 128 = 31097. Calculate the remainder when m is divided by 279.
0
Suppose -106*g + 117210 + 73166 = 0. What is the remainder when g is divided by 446?
12
Let q = -17 + 37. Let i be (-6)/(-3) - 5/2*-82. Let d = i + -134. What is the remainder when d is divided by q?
13
Suppose -23*q = 5138 - 5736. Let f = 383 + 82. What is the remainder when f is divided by q?
23
Let z(f) = 2*f**2 - f + 19. Suppose -8*n + 11*n = 114. Suppose 0*k = 5*k + b - 57, n = 4*k - 3*b. Calculate the remainder when z(-5) is divided by k.
8
Suppose -2*w = -3*k + 6*k, 0 = 3*w - 5*k. Let b = w + 96. Let s = b + -77. Calculate the remainder when 34 is divided by s.
15
Suppose -w - 3*r = -0*w - 56, 25 = -5*r. Suppose 2*n - 8 = 5*o, 6*n = 8*n + 5*o - 8. Calculate the remainder when w is divided by 29 + (n - 17) + 4.
11
Suppose -a = 2*b - 14, a + 4 = 3*a - 2*b. Suppose 0 = 7*m + 1029 - 14. Let f = 173 + m. Calculate the remainder when f is divided by a.
4
Suppose 4*u = 5*f + 1134, -3*f - f = 4*u - 1152. Suppose 0 = 14*t - 1056 + u. What is the remainder when t is divided by 44?
11
Let h(m) = -7*m**2 - 203*m - 149. Calculate the remainder when h(-28) is divided by 5 - (1 + 4 + -3).
2
Suppose -g - 3 = -0. Calculate the remainder when -2*(147/2)/g is divided by 7865/(-2420)*(-1 - 3).
10
Suppose 5*l - 172 = -52. Let h(j) = 312*j + 5012. What is the remainder when h(-15) is divided by l?
20
Let j(t) = -75*t + 279. What is the remainder when 614 is divided by j(1)?
2
What is the remainder when 41 + -2 + 2 + 0 is divided by (9 - 15)*(510/(-540) + 2/(-9))?
6
Suppose -3*h = -h - 2*l - 60, -4*h + 5*l + 119 = 0. Let p = -5826 + 5829. Calculate the remainder when h is divided by p.
1
Let g(k) = 2*k**2 - 25*k + 36. Let m be g(20). Suppose -3*p + m = 9*p. What is the remainder when 82 is divided by p?
26
Let g(t) be the second derivative of -9*t**5/20 + t**4/6 + t**3/6 + 19*t. Let o be g(-1). Calculate the remainder when 79 is divided by 3*o/(-25)*(-40)/3.
15
Let d = 139 + -33. Let f = 6017 + -6014. Calculate the remainder when d is divided by f.
1
Let a(l) be the second derivative of l**2/2 - 12*l. Let o(c) = 3*c**2 + 20*c - 3. Let v(r) = 2*a(r) + o(r). What is the remainder when v(-10) is divided by 17?
14
Let d(q) = -2*q + 11. Let v(l) = -l**2 + 15*l + 12. Let o be v(16). Calculate the remainder when 86 is divided by d(o).
10
Let t(p) = 3*p**2 + 10*p - 4. Let c(b) = 2*b**2 + 7*b - 3. Let l(q) = -7*c(q) + 5*t(q). What is the remainder when 64 is divided by l(-5)?
1
Calculate the remainder when 270771/258 - (-5)/2 is divided by 151.
146
Let h = 190 - 119. Suppose -4*d + 2153 = -4*s - 611, 2770 = 4*d - s. Calculate the remainder when h is divided by d/18 - 5/2.
35
Let w(g) = -7*g**3 + g**2. Let x be 0 - 1*(-1 - -2). Let r be w(x). Calculate the remainder when 6 is divided by (r - 5)*15/9.
1
Let y be (-14)/(-7)*28/8. Suppose -w - y = -a, a + 2*w - 19 = 7*w. Suppose -l + 36 = h, -a - 28 = -h + 3*l. What is the remainder when h is divided by 9?
8
Let a(c) = c**2 + 5*c - 9. Let m(x) = 11*x**3 - x**2 + 4. Let p be m(2). Let q be p/(-10) - (-3)/(45/12). Calculate the remainder when 69 is divided by a(q).
9
Let s = 106 + -47. Let j(i) = -1946*i + 43027. What is the remainder when j(22) is divided by s?
38
Let h(k) = 3*k**3 - 6*k - 8. Let y be h(-3). Let j = y - -95. Calculate the remainder when 95 is divided by j.
23
Let v(l) = -286*l - 815. Calculate the remainder when v(-19) is divided by 110.
109
Suppose 9 = q + 8*a - 5*a, 4*q + 5*a - 22 = 0. Suppose 2*d = -0*m + q*m - 592, 2*m - 2*d - 398 = 0. What is the remainder when m is divided by 49?
47
Let m(f) = -f**3 - 2*f**2 - 3*f - 1. Suppose 0 = 11*h - 21*h - 30. What is the remainder when ((-232)/10)/((-2)/10) is divided by m(h)?
14
Suppose -p + 13 = -16. Suppose 58*q - 54 = 57*q. Calculate the remainder when q is divided by p.
25
Let m = 12600 - 9532. Calculate the remainder when m is divided by 33.
32
Let p = 6383 + -6178. What is the remainder when p is divided by 9?
7
Let w be 16/12*-3 - (-370 + -1). Suppose 244 + w = 13*b. Suppose -3*d = 2*h - 20, 3*d = -h + 14 - 4. Calculate the remainder when b is divided by h.
7
Let g = -126 - -158. Suppose g + 25 = 3*z. Calculate the remainder when 36 is divided by z.
17
Suppose -4*r - 8 = a - 0, -63 = 3*a - r. Suppose 5*k = 6 + 14. Calculate the remainder when (-292)/a - k/(-10) is divided by 6.
3
Let z(y) = -8*y - 31. Let h be ((-138)/(-12) - 7)*8/(-3). Let a be -4 - -4 - h/(-2). What is the remainder when 64 is divided by z(a)?
13
Let r = 10390 - 10366. Calculate the remainder when 3/((-186)/94 - -2) is divided by r.
21
Let t be 2 + (-2)/4 - (-6)/4. Suppose x = 5*a - 379, -x = t*a - 281 + 52. Calculate the remainder when 148 is divided by a.
72
Suppose -12 = -4*l - 2*a - 2, l - 4*a + 2 = 0. Suppose 5*f = l*g - 65 - 16, 3*g = 3*f + 99. What is the remainder when 220 is divided by g?
24
What is the remainder when ((-2848)/4 - 3)*-9*(-13)/(-195) is divided by 72?
69
Let k(r) = r**3 - 10*r**2 + 15*r - 4. Let j be k(9). Suppose 53*v - 180 = j*v. Calculate the remainder when v is divided by 13.
8
Suppose 185*t - 77*t = 103424 + 135688. Calculate the remainder when t is divided by 21.
9
Suppose 20 = -r + 22. Suppose -7 = -r*m + p + 9, m - 30 = -5*p. What is the remainder when 17 is divided by m?
7
Let t be -27 - (-5 + 2 - (12 - 12)). What is the remainder when 597 is divided by 30 + (-36)/(t/(-4))?
21
Let n = -180 + 174. What is the remainder when 1/(-2) - 225/(-6) is divided by 92/12 - (4/2)/n?
5
Suppose 13*p + 96 - 239 = 0. Let u(o) = 3*o**2 + 5*o - 4. Let n be u(-5). Let y = -10 + n. What is the remainder when y is divided by p?
3
Let z = -64 + 68. Suppose z*j - 3 = 17. Suppose 2*n + j*k - 84 = 0, -5*k = 5*n - 0*k - 225. What is the remainder when n is divided by 26?
21
Let j(g) = -g**3 - 9*g**2 + 14*g - 77. Let s be j(-11). Suppose -3*w + 165 = 2*w. What is the remainder when (s/w)/(1/63) is divided by 12?
9
Let f = 108 - 56. What is the remainder when (42/10)/((-981)/2180)*300/(-14) is divided by f?
44
Let z(c) = -2*c**3 - 5*c**2 - c + 10. Let y be z(-3). Calculate the remainder when 95/2 + y/(-44) is divided by 13.
8
Suppose 9 = 3*o, -2*o + o - 62 = -5*q. Let a(n) = -20*n + 2648. Calculate the remainder when a(124) is divided by q.
12
Suppose 3*g - 186 = -0*g. Let k be 3/2 - 210/28. Let m(x) = -x**2 - 8*x + 1. Calculate the remainder when g is divided by m(k).
10
Suppose 4*z = 4*g - 708, -3*z - z = -20. Calculate the remainder when g is divided by ((-629)/4)/(-17)*12/3.
34
Let j(f) = 3*f**2 + 10*f + 7. Suppose 145*h - 34093 = -31193. What is the remainder when j(-6) is divided by h?
15
Let s = -3360 - -3578. Calculate the remainder when 219 is divided by s.
1
Suppose -350 = 7*n - 511. Suppose 3*d = y + 13, -5*d + 3*y + 33 = 7*y. Calculate the remainder when n is divided by d.
3
What is the remainder when 141 is divided by ((-896)/(-160))/(8/70)?
43
Suppose -5*z + 380 = 8*z - 3*z. What is the remainder when 643 is divided by z?
35
Calculate the remainder when (-2886690)/(-210) - ((-204)/42 + 4) is divided by 22.
19
Suppose -6*o + o = -20. Suppose o*y - 24 = -0. What is the remainder when 64 + (y/(-21) - (-15)/(-21)) is divided by 22?
19
Suppose -2*w = 5*q - 28 - 375, -407 = -5*q - 3*w. Calculate the remainde